is -3443205 - -131?
-3443034
In base 2, what is 1100010100110011011000 + -1110111?
1100010100110001100001
In base 2, what is 1001000110 - 11101101000111101011?
-11101100111110100101
In base 4, what is 31233122020011 - 10?
31233122020001
In base 13, what is -9 + -1284b8b?
-1284b97
In base 3, what is 10 + -110102121011001?
-110102121010221
In base 7, what is -406626 - -101?
-406525
In base 7, what is 4 - -562423431?
562423435
In base 5, what is -110312440 + -3?
-110312443
In base 4, what is -22210 + 13200200?
13111330
In base 3, what is -100 + -11022121210111?
-11022121210211
In base 6, what is -122223 + -25421?
-152044
In base 14, what is 43b + b800?
bc3b
In base 13, what is 82187 + 218?
823a2
In base 3, what is -12 + 201220211112201?
201220211112112
In base 16, what is -3 - -9b5734?
9b5731
In base 8, what is 177254 + 2213?
201467
In base 16, what is f7 - -e550?
e647
In base 16, what is -3ff8d6 - 2?
-3ff8d8
In base 7, what is 132052163 + -52?
132052111
In base 13, what is -810 - 6245?
-6a55
In base 11, what is -177839527 + -3?
-17783952a
In base 2, what is -101011010101110000 + 10111010010?
-101010111110011110
In base 11, what is -5a993 - -5399?
-555a5
In base 7, what is 3 - 112421333?
-112421330
In base 9, what is -42182015 - 3?
-42182018
In base 13, what is 22310 - 1269?
21074
In base 4, what is 10 + -212232031313?
-212232031303
In base 13, what is -1b08bc72 + 4?
-1b08bc6b
In base 14, what is -797 + 347?
-450
In base 7, what is -1443526550 - 0?
-1443526550
In base 4, what is -3231023 + 22100?
-3202323
In base 8, what is -17 + -157565166?
-157565205
In base 14, what is -340637 - 5?
-34063c
In base 16, what is 2 - -7c48f12?
7c48f14
In base 9, what is -310676 + 12?
-310664
In base 4, what is 2 - 21033102333313?
-21033102333311
In base 4, what is 21 - -31102132120?
31102132201
In base 5, what is -10043231 - 4101?
-10102332
In base 7, what is -122264 - -36305?
-52656
In base 12, what is 10a38 - 3086?
9972
In base 6, what is 100303051520 + -1?
100303051515
In base 14, what is 4225c4d9 - -2?
4225c4db
In base 9, what is 8525 - 21204?
-11568
In base 12, what is -14 + -612926?
-61293a
In base 13, what is -90 - 2b4ac?
-2b56c
In base 8, what is -55 - 1314407?
-1314464
In base 9, what is -65510 - -2751?
-62648
In base 5, what is 12441132140 + 2?
12441132142
In base 11, what is -a5aa9 - 1aa9?
-a7aa7
In base 8, what is -5 + -60607?
-60614
In base 3, what is 110011222121 + 2001?
110012001122
In base 7, what is 53214 - 50405?
2506
In base 16, what is -2abe + 17ec?
-12d2
In base 15, what is -66933 + -5?
-66938
In base 14, what is 18 + -91bb4c?
-91bb34
In base 16, what is 582 + -3157?
-2bd5
In base 7, what is 4422450051 - -3?
4422450054
In base 12, what is 1b48143 + 4?
1b48147
In base 16, what is -8ce2b - -10?
-8ce1b
In base 5, what is -1 + 43242322?
43242321
In base 3, what is -20 + -10012211002112?
-10012211002202
In base 4, what is 313 - 120121001?
-120120022
In base 16, what is -1748 + -108b?
-27d3
In base 10, what is -53852201 + -5?
-53852206
In base 14, what is -9 - 51b271?
-51b27a
In base 7, what is 26 + -341150616?
-341150560
In base 4, what is -103002 + -213203323?
-213312331
In base 4, what is -1010010 + -210032?
-1220102
In base 5, what is -4422 + 4042434?
4033012
In base 14, what is -86 + a43db?
a4355
In base 14, what is 16267a + -3?
162677
In base 16, what is -3fa470 + 2?
-3fa46e
In base 9, what is 20 - 3818246?
-3818226
In base 14, what is db6331d + -3?
db6331a
In base 6, what is 43 - -124350235?
124350322
In base 8, what is 7220 + 200373?
207613
In base 12, what is -1a79652 + 6?
-1a79648
In base 12, what is 419 - 1a156?
-19939
In base 2, what is 1000011000001 + -1101100110011?
-101001110010
In base 8, what is 154166 - 157?
154007
In base 12, what is 5b10 + 8?
5b18
In base 12, what is -3 + 5a985?
5a982
In base 3, what is 1022112 + -122111201121?
-122110102002
In base 16, what is 3d - 1bc17?
-1bbda
In base 13, what is -c + -1458245?
-1458254
In base 9, what is -34260 + -50817?
-85177
In base 12, what is 5 - 459940b?
-4599406
In base 14, what is -5335 + 414?
-4d21
In base 11, what is 17258725a - 4?
172587256
In base 9, what is 84 - -238427?
238522
In base 8, what is 5260610030 - 3?
5260610025
In base 6, what is -2254 - -155252?
152554
In base 8, what is 6615271 + 301?
6615572
In base 8, what is -21023203 - 31?
-21023234
In base 16, what is -12 - -9458e?
9457c
In base 8, what is -50551514 + 3?
-50551511
In base 9, what is -1 + -631202?
-631203
In base 12, what is 2 - 324636?
-324634
In base 9, what is -156834216 + -7?
-156834224
In base 10, what is 5 + -1107952?
-1107947
In base 3, what is 1120210 + 20002120?
21200100
In base 10, what is -123021 - 229?
-123250
In base 2, what is 10100000101111111 + 11101111?
10100001001101110
In base 3, what is -100000221011 - -21022?
-100000122212
In base 3, what is 1221221 - 21220211?
-12221220
In base 16, what is -1 + -cb7de?
-cb7df
In base 16, what is -c + -e784d?
-e7859
In base 3, what is -2 + 111121220112221?
111121220112212
In base 10, what is 2 + 48718?
48720
In base 14, what is -17db0 + -115?
-180c5
In base 2, what is -10010000 - 11010000100111?
-11010010110111
In base 10, what is 23106298 + -4?
23106294
In base 6, what is -4300141232 - -5?
-4300141223
In base 6, what is 133052 - -100?
133152
In base 10, what is 91 - 22584?
-22493
In base 10, what is -1476 - 165865?
-167341
In base 6, what is 111541043 - -14?
111541101
In base 16, what is -4 + -1c5f483?
-1c5f487
In base 4, what is -2313330233110 + 0?
-2313330233110
In base 11, what is 7a77456 - -3?
7a77459
In base 13, what is -104c3a + 4b?
-104bbc
In base 5, what is -1013 - -13313234?
13312221
In base 11, what is -15a7 + 1396?
-211
In base 12, what is -3a5 - -11699?
112b4
In base 6, what is -11040 + 2420225?
2405145
In base 8, what is 41202 - -53776?
115200
In base 9, what is 5230 + -1673?
3446
In base 6, what is 105553341 - 353?
105552544
In base 11, what is 9156 + 5a9?
9754
In base 4, what is 1313123001022130 + -2?
1313123001022122
In base 14, what is -1 - 1803c00?
-1803c01
In base 9, what is -22 - 357231?
-357253
In base 2, what is 11110000101110111010010 - 1?
11110000101110111010001
In base 9, what is 1 + 41137751?
41137752
In base 2, what is 10000 - -1111101110011001001?
1111101110011011001
In base 9, what is 14 + 862656?
862671
In base 15, what is 10bb8 - 4ac?
1070b
In base 13, what is -3268c - 24?
-326b3
In base 5, what is 433 + -1341114?
-1340131
In base 7, what is 44442663625 + 5?
44442663633
In base 7, what is 215 - 552120?
-551602
In base 5, what is -40340 + -344?
-41234
In base 2, what is 11101011 + -10011100111101111111?
-10011100111010010100
In base 12, what is -12a232 + 2ab?
-129b43
In base 2, what is 1011100001 + -1011101101100000?
-1011100001111111
In base 13, what is -57038 - b38?
-57b73
In base 11, what is -1954382 + 3a5?
-1953a88
In base 13, what is -3 + -449394c?
-4493952
In base 2, what is 110001100010000 - 110011001100?
101011001000100
In base 13, what is -545 + a90?
548
In base 12, what is 6259939 - 54?
62598a5
In base 13, what is 3aa39 - -63?
3aa9c
In base 10, what is -46365 + 789?
-45576
In base 13, what is 1 - 3a2b921?
-3a2b920
In base 16, what is 593b0 - 19?
59397
In base 15, what is -1 - -63171e?
63171d
In base 4, what is 112101200 - 120?
112101020
In base 5, what is -333110 + -43231?
-431341
In base 3, what is -102 + -10200201020002?
-10200201020111
In base 7, what is -346304 - 550?
-350154
In base 3, what is 22 + 2201000000?
2201000022
In base 15, what is -12a637e - 5?
-12a6384
In base 2, what is -1100001001001011 - -1010?
-1100001001000001
In base 7, what is -2 + 46544323?
46544321
In base 5, what is 234111 + 441143?
1230304
In base 2, what is -1000111111 - 10000111100110011?
-10001000101110010
In base 2, what is 0 - 101101011010010000001110?
-101101011010010000001110
In base 15, what is -320d5 - 320?
-32405
In base 6, what is -2 - 13522153315?
-13522153321
In base 13, what is a + -c465?
-c458
In base 3, what is -2102111212122 + 11100?
-2102111201022
In base 6, what is -1 + 125015353?
125015352
In base 4, what is -3321201121 - -10023?
-3321131032
In base 5, what is -11301220424 + -130?
-11301221104
In base 8, what is 3 - -6120017?
6120022
In base 5, what is -31321111 + 1113?
-31314443
In base 14, what is a3a + 3d4?
1030
I